{"id":13,"date":"2026-01-16T16:33:56","date_gmt":"2026-01-16T16:33:56","guid":{"rendered":"https:\/\/ikm.hr\/?page_id=13"},"modified":"2026-02-09T07:57:26","modified_gmt":"2026-02-09T07:57:26","slug":"institut-za-inovacije-u-komunikaciji-i-medijima","status":"publish","type":"page","link":"https:\/\/ikm.hr\/","title":{"rendered":"Naslovna"},"content":{"rendered":"\n<h1 class=\"wp-block-heading\">Institut za inovacije u komunikaciji i medijima<\/h1>\n\n\n\n<p class=\"has-palette-color-5-background-color has-background\" style=\"border-style:none;border-width:0px;border-top-left-radius:0px;border-top-right-radius:0px;border-bottom-left-radius:0px;border-bottom-right-radius:0px;margin-top:var(--wp--preset--spacing--20);margin-bottom:var(--wp--preset--spacing--20);font-size:clamp(14.082px, 0.88rem + ((1vw - 3.2px) * 0.54), 21px);\">Neprofitna organizacija usmjerena na istra\u017eivanje, razvoj i promicanje inovacija u podru\u010dju komunikacije i medija, s naglaskom na znanstveni, dru\u0161tveni i javni kontekst.<\/p>\n\n\n\n<h5 class=\"wp-block-heading has-palette-color-5-background-color has-background\">Podru\u010dja djelovanja<\/h5>\n\n\n\n<div class=\"wp-block-columns is-layout-flex wp-container-core-columns-is-layout-28f84493 wp-block-columns-is-layout-flex\">\n<div class=\"wp-block-column is-layout-flow wp-block-column-is-layout-flow\">\n<ul class=\"wp-block-list\">\n<li>istra\u017eivanje i analiza suvremenih komunikacijskih praksi<\/li>\n\n\n\n<li>inovacije u komunikaciji i medijima<\/li>\n<\/ul>\n<\/div>\n\n\n\n<div class=\"wp-block-column is-layout-flow wp-block-column-is-layout-flow\">\n<ul class=\"wp-block-list\">\n<li>komunikacija u znanosti i komunikacija javnih politika<\/li>\n\n\n\n<li>edukacija i popularizacija znanosti<\/li>\n<\/ul>\n<\/div>\n<\/div>\n\n\n\n<p><\/p>\n","protected":false},"excerpt":{"rendered":"<p>Institut za inovacije u komunikaciji i medijima Neprofitna organizacija usmjerena na istra\u017eivanje, razvoj i promicanje inovacija u podru\u010dju komunikacije i medija, s naglaskom na znanstveni, dru\u0161tveni i javni kontekst. Podru\u010dja djelovanja<\/p>\n","protected":false},"author":1,"featured_media":0,"parent":0,"menu_order":0,"comment_status":"closed","ping_status":"closed","template":"","meta":{"footnotes":""},"class_list":["post-13","page","type-page","status-publish","hentry"],"blocksy_meta":{"has_hero_section":"disabled","styles_descriptor":{"styles":{"desktop":"","tablet":"","mobile":""},"google_fonts":[],"version":6},"hero_elements":[{"id":"custom_title","enabled":true,"heading_tag":"h1","title":"Po\u010detna stranica","__id":"zhaWIogXZHMJ0YE81UpDf"},{"id":"custom_description","enabled":true,"description_visibility":{"desktop":true,"tablet":true,"mobile":false},"__id":"goLB8NiYXe4PCaRumx0TO"},{"id":"custom_meta","enabled":false,"meta_elements":[{"id":"author","enabled":true,"label":"Od","has_author_avatar":"yes","avatar_size":25},{"id":"post_date","enabled":true,"label":"Uklju\u010deno","date_format_source":"default","date_format":"M j, Y"},{"id":"updated_date","enabled":false,"label":"Uklju\u010deno","date_format_source":"default","date_format":"M j, Y"},{"id":"categories","enabled":false,"label":"u","style":"simple"},{"id":"comments","enabled":true}],"page_meta_elements":{"joined":true,"articles_count":true,"comments":true},"__id":"afMUtVkeYHfOoPQ2hwjeA"},{"id":"breadcrumbs","enabled":false,"__id":"fRZfi4ZEbmuwcpQFK3bgS"}],"hero_margin":"47px","page_structure_type":"type-4"},"_links":{"self":[{"href":"https:\/\/ikm.hr\/index.php\/wp-json\/wp\/v2\/pages\/13","targetHints":{"allow":["GET"]}}],"collection":[{"href":"https:\/\/ikm.hr\/index.php\/wp-json\/wp\/v2\/pages"}],"about":[{"href":"https:\/\/ikm.hr\/index.php\/wp-json\/wp\/v2\/types\/page"}],"author":[{"embeddable":true,"href":"https:\/\/ikm.hr\/index.php\/wp-json\/wp\/v2\/users\/1"}],"replies":[{"embeddable":true,"href":"https:\/\/ikm.hr\/index.php\/wp-json\/wp\/v2\/comments?post=13"}],"version-history":[{"count":15,"href":"https:\/\/ikm.hr\/index.php\/wp-json\/wp\/v2\/pages\/13\/revisions"}],"predecessor-version":[{"id":213,"href":"https:\/\/ikm.hr\/index.php\/wp-json\/wp\/v2\/pages\/13\/revisions\/213"}],"wp:attachment":[{"href":"https:\/\/ikm.hr\/index.php\/wp-json\/wp\/v2\/media?parent=13"}],"curies":[{"name":"wp","href":"https:\/\/api.w.org\/{rel}","templated":true}]}}

<h1 class="wp-block-heading">Institut za inovacije u komunikaciji i medijima</h1>



<p class="has-palette-color-5-background-color has-background" style="border-style:none;border-width:0px;border-top-left-radius:0px;border-top-right-radius:0px;border-bottom-left-radius:0px;border-bottom-right-radius:0px;margin-top:var(--wp--preset--spacing--20);margin-bottom:var(--wp--preset--spacing--20);font-size:clamp(14.082px, 0.88rem + ((1vw - 3.2px) * 0.54), 21px);">Neprofitna organizacija usmjerena na istraživanje, razvoj i promicanje inovacija u području komunikacije i medija, s naglaskom na znanstveni, društveni i javni kontekst.</p>



<h5 class="wp-block-heading has-palette-color-5-background-color has-background">Područja djelovanja</h5>



<div class="wp-block-columns is-layout-flex wp-container-core-columns-is-layout-28f84493 wp-block-columns-is-layout-flex">
<div class="wp-block-column is-layout-flow wp-block-column-is-layout-flow">
<ul class="wp-block-list">
<li>istraživanje i analiza suvremenih komunikacijskih praksi</li>



<li>inovacije u komunikaciji i medijima</li>
</ul>
</div>



<div class="wp-block-column is-layout-flow wp-block-column-is-layout-flow">
<ul class="wp-block-list">
<li>komunikacija u znanosti i komunikacija javnih politika</li>



<li>edukacija i popularizacija znanosti</li>
</ul>
</div>
</div>



<p></p>

<p>Institut za inovacije u komunikaciji i medijima Neprofitna organizacija usmjerena na istraživanje, razvoj i promicanje inovacija u području komunikacije i medija, s naglaskom na znanstveni, društveni i javni kontekst. Područja djelovanja</p>

Početna stranica

Uključeno
