{"id":155,"date":"2026-01-19T17:31:07","date_gmt":"2026-01-19T17:31:07","guid":{"rendered":"https:\/\/ikm.hr\/?page_id=155"},"modified":"2026-01-26T17:49:42","modified_gmt":"2026-01-26T17:49:42","slug":"projekti-i-programi","status":"publish","type":"page","link":"https:\/\/ikm.hr\/index.php\/projekti-i-programi\/","title":{"rendered":"Projekti"},"content":{"rendered":"\n<p><\/p>\n\n\n\n<p class=\"has-medium-font-size\">Institut za inovacije u komunikaciji i medijima razvija projekte i programske okvire usmjerene na istra\u017eivanje, edukaciju i promicanje suvremenih komunikacijskih i medijskih praksi.<\/p>\n\n\n\n<p class=\"has-medium-font-size\">Djelovanje Instituta obuhva\u0107a razvoj projektnih prijedloga, edukativnih programa i istra\u017eiva\u010dkih inicijativa iz podru\u010dja medija, komunikacije, digitalne pismenosti, algoritamski posredovanog medijskog iskustva i dru\u0161tvenih u\u010dinaka suvremenih tehnologija.<\/p>\n\n\n\n<p><\/p>\n\n\n\n<p><\/p>\n\n\n\n<h5 class=\"wp-block-heading has-palette-color-4-color has-palette-color-5-background-color has-text-color has-background has-link-color wp-elements-519850884aa16522f3861045cc32e796\">U ovoj rubrici predstavljeni su:<\/h5>\n\n\n\n<ul class=\"wp-block-list has-palette-color-5-background-color has-background\">\n<li>projekti koji se nalaze u fazi prijave<\/li>\n\n\n\n<li>programski i metodolo\u0161ki okviri koji \u010dine temelj dugoro\u010dnog djelovanja Instituta<\/li>\n<\/ul>\n\n\n\n<p class=\"has-palette-color-5-background-color has-background\">Transparentnim prikazom projektnih i programskih aktivnosti Institut nastoji osigurati jasno\u0107u rada, otvorenost prema javnosti i kontinuitet razvoja stru\u010dnih i znanstvenih inicijativa.<\/p>\n\n\n\n<p><\/p>\n\n\n\n<p><\/p>\n","protected":false},"excerpt":{"rendered":"<p>Institut za inovacije u komunikaciji i medijima razvija projekte i programske okvire usmjerene na istra\u017eivanje, edukaciju i promicanje suvremenih komunikacijskih i medijskih praksi. Djelovanje Instituta obuhva\u0107a razvoj projektnih prijedloga, edukativnih programa i istra\u017eiva\u010dkih inicijativa iz podru\u010dja medija, komunikacije, digitalne pismenosti, algoritamski posredovanog medijskog iskustva i dru\u0161tvenih u\u010dinaka suvremenih tehnologija. U ovoj rubrici predstavljeni su: Transparentnim [&hellip;]<\/p>\n","protected":false},"author":1,"featured_media":0,"parent":0,"menu_order":0,"comment_status":"closed","ping_status":"closed","template":"","meta":{"footnotes":""},"class_list":["post-155","page","type-page","status-publish","hentry"],"blocksy_meta":{"has_hero_section":"disabled","styles_descriptor":{"styles":{"desktop":"","tablet":"","mobile":""},"google_fonts":[],"version":6}},"_links":{"self":[{"href":"https:\/\/ikm.hr\/index.php\/wp-json\/wp\/v2\/pages\/155","targetHints":{"allow":["GET"]}}],"collection":[{"href":"https:\/\/ikm.hr\/index.php\/wp-json\/wp\/v2\/pages"}],"about":[{"href":"https:\/\/ikm.hr\/index.php\/wp-json\/wp\/v2\/types\/page"}],"author":[{"embeddable":true,"href":"https:\/\/ikm.hr\/index.php\/wp-json\/wp\/v2\/users\/1"}],"replies":[{"embeddable":true,"href":"https:\/\/ikm.hr\/index.php\/wp-json\/wp\/v2\/comments?post=155"}],"version-history":[{"count":11,"href":"https:\/\/ikm.hr\/index.php\/wp-json\/wp\/v2\/pages\/155\/revisions"}],"predecessor-version":[{"id":210,"href":"https:\/\/ikm.hr\/index.php\/wp-json\/wp\/v2\/pages\/155\/revisions\/210"}],"wp:attachment":[{"href":"https:\/\/ikm.hr\/index.php\/wp-json\/wp\/v2\/media?parent=155"}],"curies":[{"name":"wp","href":"https:\/\/api.w.org\/{rel}","templated":true}]}}